 Suppose 0 = -16*f + y + 2490. What is the tens digit of f?
9
Suppose -228*d = -233*d + 30. Suppose -k - c = -d*k + 738, -4*c = 5*k - 748. What is the hundreds digit of k?
1
Suppose -3*y + 9626 = -2*b - 12317, 4*b - 43894 = -6*y. What is the thousands digit of y?
7
Let x(g) = -18*g - 24 + 12 - 39*g - 37*g. What is the units digit of x(-5)?
8
Let w(m) be the first derivative of -m**3/3 + 25*m**2 - 26*m - 210. What is the units digit of w(20)?
4
Suppose 0 = -n + 2, -3*t - n - 4138 = -13290. What is the hundreds digit of t?
0
Suppose 0 = -4*z - 53*g + 55*g + 11490, 3*z - 5*g = 8628. What is the thousands digit of z?
2
Let m = 68463 + -19500. What is the thousands digit of m?
8
Let x be (-20)/(-3)*783/(-58). What is the thousands digit of ((-36)/x)/(3/10440)?
1
Suppose -24*o + 1735691 = 512699. What is the ten thousands digit of o?
5
What is the hundreds digit of (1358/(-84) + 15)*14*1038/(-2)?
4
Let z(k) = k**2 - 2*k + 2. Let l be z(3). Suppose 0 = l*f + 26 - 86. Suppose 0 = -f*h + 13*h - 75. What is the units digit of h?
5
Let q(s) = s**3 + 16*s**2 - s - 12. Let d be q(-16). Suppose d*g - 2*j = -14, -2 = -2*g + 10*j - 6*j. What is the tens digit of (-2)/g*5/4*158?
7
Let u = 651 - 261. Suppose 2*f - 7*f + u = 0. What is the tens digit of f?
7
Let i(z) be the first derivative of 7*z**3/2 + 10*z**2 + z - 2. Let y(k) be the first derivative of i(k). What is the hundreds digit of y(5)?
1
Let v(w) be the second derivative of 33*w**3 - 39*w**2/2 - 207*w. What is the hundreds digit of v(3)?
5
Let o = -37 + 33. What is the units digit of 1482/18 + o/12?
2
Suppose 0 = -2*l + 6*l - 3384. Suppose 3*h - 2*h = l. Suppose 477 = 9*z - h. What is the hundreds digit of z?
1
Let g(d) = 16*d + 34. Let x(u) = u**2 + 13*u + 19. Let l be x(-11). Let q(t) = -49*t - 101. Let h(m) = l*q(m) - 8*g(m). What is the hundreds digit of h(6)?
1
Let q = 35763 - 24995. What is the tens digit of q?
6
Let r(b) = b**2 - 14*b - 31. Let k be r(16). Suppose -k = -m - 1. Suppose -4*s + 9*s - 345 = m. What is the tens digit of s?
6
Let l be (0 + -2)/((-18)/387). Let b be 3 - (l*1 + (13 - 10)). Let k = b - -79. What is the tens digit of k?
3
Let s = -3096 + 3094. Let n = -7 + 0. What is the units digit of (n + 6)*(s - 0)?
2
Let y(d) be the second derivative of d**5/10 + 3*d**4/4 - 3*d**3 + 8*d**2 + 145*d + 2. What is the tens digit of y(4)?
1
Suppose -6*t - 57 - 267 = 0. Let y = -69 - -147. Let k = t + y. What is the tens digit of k?
2
Suppose 0 = -2*p + 7*p - 275. Let o = 195 + p. Let n = o + -168. What is the tens digit of n?
8
Suppose 28*g - 384 = 288. What is the units digit of 29*(18/63 + g/14)?
8
Suppose 533*n - 556 = 532*n. Suppose -564*b + 4792 = -n*b. What is the units digit of b?
9
Let g(s) = 38*s**3 - 16*s**2 - 3*s + 19. What is the tens digit of g(6)?
3
Suppose -3 + 9 = 2*a. Suppose t - 3653 = -12*t. Suppose 3*n + 2*m - t + 48 = 0, -390 = -5*n - a*m. What is the units digit of n?
1
Let o(j) = 4*j**3 + 13*j**2 + 23*j - 108. What is the units digit of o(19)?
8
Suppose -2*s - 4*q + 42 = -18, 0 = 5*s - 4*q - 80. Suppose s - 62 = 7*r. Let g(k) = -15*k - 44. What is the units digit of g(r)?
6
Let s = 7707 + -14507. What is the tens digit of 6/4*s/(-60)?
7
What is the thousands digit of 10/(-2)*(-378848)/160?
1
Let g = 55 + -49. Suppose -7*n + 2*n + 20 = 5*y, -3*n + 3*y + g = 0. Suppose 297 = n*k - 0*k. What is the tens digit of k?
9
Let n(r) be the second derivative of r**5/20 + r**4 - 13*r**3/6 - 5*r**2 + 28*r. Let t be n(-9). Let m = t + -242. What is the units digit of m?
8
Suppose 78*l - 462294 = 15*l. What is the hundreds digit of l?
3
Let z(u) = 64*u**2 + 150*u + 2823. What is the tens digit of z(-17)?
6
Suppose -x - 19480 - 13853 = -4*x. What is the ten thousands digit of x?
1
Let w(h) = -2*h**2 - 23*h - 31. Let f be w(-10). What is the tens digit of f - (-550)/(-15)*(-132)/5?
6
Let w(l) = -l**2 + 20*l - 76. Let v be w(5). What is the hundreds digit of (v + -5)/36 - 1159/(-6)?
1
Let v(k) = -k**2 + 259. Let o be v(0). Let p = o - 33. Suppose -2*f - 2*z + 110 = 0, -3*z + z = 4*f - p. What is the units digit of f?
8
Let i be (-15)/(-45)*(2 - -47947). Suppose 38*x - 3929 - i = 0. What is the units digit of x?
4
Let x = -263 + 261. What is the hundreds digit of 0 - (-735)/(-6)*x?
2
Let d(w) = 2*w**2 + 4*w + 5. Let v be d(-6). Suppose v = -5*g + 28. Let z(o) = -19*o - 20. What is the units digit of z(g)?
5
Suppose -4*b + 102705 = -5*v - 99684, -50600 = -b + 4*v. What is the thousands digit of b?
0
Let u = -11793 + 23940. What is the tens digit of u?
4
Let d(n) = -15890*n + 291. What is the thousands digit of d(-1)?
6
Suppose -66*h + 140509 + 677693 = 0. What is the units digit of h?
7
Suppose 0 = -m - c + 50392, -26*m + 5*c - 33006 = -1343167. What is the hundreds digit of m?
3
Let z(i) = 2*i**2 + 32*i + 101. Let p be z(-5). What is the units digit of (-54)/p - (-945 - -5)?
6
Let n = -6742 - -15560. What is the hundreds digit of n?
8
What is the units digit of -8*(9 - 23562/48)?
5
Suppose 4*m - 48 = -5*r - 8, 3*m - r - 11 = 0. Suppose 4*z + 8 = -m*n, z + 0 = 3*n + 15. What is the tens digit of (-1734)/(-10) - n/(-10)?
7
Suppose -5*f = 10*f - 26160. Let x = f - 1208. What is the hundreds digit of x?
5
What is the units digit of (0 + 1)/(2/12706)?
3
Suppose -16 = 13*w - 17*w. Suppose -4*t + 198 = w*x - 2*x, t - 2*x = 57. What is the tens digit of ((-100)/(-30))/(1/t) - -1?
7
Suppose 4*w + 5*h = 60, w = 5*w - 2*h - 60. Let j(o) = -w*o**2 + 5 + o + 17*o**2 - 3. What is the units digit of j(-5)?
7
Let f = -1599 - -5539. Suppose 4*u = 5*q - 0*q - f, q = -2*u + 802. What is the hundreds digit of q?
7
Let f = 808 + 53270. What is the hundreds digit of f?
0
Suppose h = 4*h + 2*m + 673, 0 = 4*h + m + 904. Let y be -109 - (-3 - -5 - 13). Let d = y - h. What is the units digit of d?
9
What is the units digit of (-8140 - 17)*7/(-21)?
9
Let o be 1*11/(44/(-120)). Let q be 93/33 - (o/33)/5. Suppose z - q*y = 121 + 41, 3*y - 162 = -z. What is the hundreds digit of z?
1
Suppose 14835 - 8427 = 2*n. What is the hundreds digit of n?
2
Suppose -2*p - 3*p = -0*p. Suppose 6*n - 29 + 83 = p. Let d = n - -58. What is the units digit of d?
9
Let v be (1/2)/(20/80). Suppose 0 = -v*l + 5*p + 14, 2*p = 6*p + 8. What is the units digit of (9/(-3))/((-1)/l)?
6
Let f(r) = r + r**2 + 0*r + 12 - 2*r. Let v(z) = z**2 - 56*z - 569. Let g be v(-9). What is the tens digit of f(g)?
5
Suppose 0 = 5*g - 3*g + 3*g - 200940. What is the thousands digit of g?
0
Let w = 416 - 307. What is the units digit of 108/(-24)*w*2/(-3)?
7
Let m(f) = -f**3 - 8*f**2 - 9*f + 17. Let u(g) = 2*g**2 - 20*g + 9. Let o(z) = 2*z + 23. Let a be o(-7). Let k be u(a). What is the tens digit of m(k)?
7
Let c be 1/((-4)/(-12)*(-2 - -1)). Let f(h) = -2*h**3 + 4*h**2 - 4*h + 1. What is the hundreds digit of f(c)?
1
Suppose 4*g + 3*s - 311947 = 0, -4*g + 105772 = -4*s - 206168. What is the thousands digit of g?
7
Suppose -63344 = -2*c - 4*x, -22*c + 26*c + 5*x - 126700 = 0. What is the thousands digit of c?
1
Let b = 75 - 70. Suppose c + 2*j - 1903 = -3*j, -3*c - b*j + 5699 = 0. Suppose 12*i = c - 170. What is the units digit of i?
4
Let g(b) = -20*b + 1. Suppose -4*v = -1 - 11. Let c(y) = y**2 - 5*y + 2. Let q be c(v). What is the units digit of g(q)?
1
Let s be (-106)/(-6) + (-6)/9. Let p(t) = 37*t - 11. Let x be p(5). Let q = x - s. What is the units digit of q?
7
Let f(k) = 14 + 18 - 26*k + 29 - 7. What is the hundreds digit of f(-13)?
3
What is the tens digit of (-11)/77 - (-486846)/21?
8
Let x(d) = -747*d**3 + 4*d**2 + 52*d + 98. What is the hundreds digit of x(-2)?
9
Let f = -213 + 285. Suppose 70*w + 260 = f*w. What is the tens digit of w?
3
Suppose 15*m - 9 - 306 = 0. Let p be (-2 + 3)*76 + 1 + -3. Let s = m + p. What is the units digit of s?
5
Let u(m) = 4*m**3 - 24*m**2 + 13*m - 4. Let q = -222 - -230. What is the units digit of u(q)?
2
Suppose -986206 = 262*z - 4357977 - 3990691. What is the tens digit of z?
0
Let h(r) = -9*r**2 - 5*r + 10. Let x(t) = -10*t**2 - 5*t + 11. Let w(d) = 6*h(d) - 5*x(d). Let g be w(3). Let u = -16 - g. What is the tens digit of u?
3
Suppose 111*q = 105*q. What is the units digit of (q - -3) + 4*(-1636)/(-16)?
2
Let a(x) = x**3 + 3*x**2 + 15*x - 6. Let r(y) = y**3 - 6*y**2 - 10*y + 27. Let f be r(7). What is 